{"id":397,"date":"2021-01-25T14:44:48","date_gmt":"2021-01-25T13:44:48","guid":{"rendered":"http:\/\/srhgx.be\/wordpress\/?page_id=397"},"modified":"2021-01-28T17:22:51","modified_gmt":"2021-01-28T16:22:51","slug":"conseils","status":"publish","type":"page","link":"http:\/\/srhgx.be\/wordpress\/conseils\/","title":{"rendered":"Conseils d&rsquo;administration"},"content":{"rendered":"<div class=\"members-access-error\">D\u00e9sol\u00e9, seuls les administrateurs de la SRHGx ont acc\u00e8s \u00e0 ce contenu.<\/div>\n","protected":false},"excerpt":{"rendered":"<div class=\"members-access-error\">D\u00e9sol\u00e9, seuls les administrateurs de la SRHGx ont acc\u00e8s \u00e0 ce contenu.<\/div>\n","protected":false},"author":1,"featured_media":577,"parent":0,"menu_order":0,"comment_status":"closed","ping_status":"closed","template":"","meta":{"neve_meta_sidebar":"default","neve_meta_container":"contained","neve_meta_enable_content_width":"on","neve_meta_content_width":70,"neve_meta_title_alignment":"","neve_meta_author_avatar":"","neve_post_elements_order":"","neve_meta_disable_header":"","neve_meta_disable_footer":"","neve_meta_disable_title":"","footnotes":""},"ppma_author":[445],"class_list":["post-397","page","type-page","status-publish","has-post-thumbnail","hentry"],"publishpress_future_action":{"enabled":false,"date":"2026-04-22 00:31:13","action":"change-status","newStatus":"draft","terms":[],"taxonomy":"author","extraData":[]},"publishpress_future_workflow_manual_trigger":{"enabledWorkflows":[]},"_links":{"self":[{"href":"http:\/\/srhgx.be\/wordpress\/wp-json\/wp\/v2\/pages\/397","targetHints":{"allow":["GET"]}}],"collection":[{"href":"http:\/\/srhgx.be\/wordpress\/wp-json\/wp\/v2\/pages"}],"about":[{"href":"http:\/\/srhgx.be\/wordpress\/wp-json\/wp\/v2\/types\/page"}],"author":[{"embeddable":true,"href":"http:\/\/srhgx.be\/wordpress\/wp-json\/wp\/v2\/users\/1"}],"replies":[{"embeddable":true,"href":"http:\/\/srhgx.be\/wordpress\/wp-json\/wp\/v2\/comments?post=397"}],"version-history":[{"count":6,"href":"http:\/\/srhgx.be\/wordpress\/wp-json\/wp\/v2\/pages\/397\/revisions"}],"predecessor-version":[{"id":3661,"href":"http:\/\/srhgx.be\/wordpress\/wp-json\/wp\/v2\/pages\/397\/revisions\/3661"}],"wp:featuredmedia":[{"embeddable":true,"href":"http:\/\/srhgx.be\/wordpress\/wp-json\/wp\/v2\/media\/577"}],"wp:attachment":[{"href":"http:\/\/srhgx.be\/wordpress\/wp-json\/wp\/v2\/media?parent=397"}],"wp:term":[{"taxonomy":"author","embeddable":true,"href":"http:\/\/srhgx.be\/wordpress\/wp-json\/wp\/v2\/ppma_author?post=397"}],"curies":[{"name":"wp","href":"https:\/\/api.w.org\/{rel}","templated":true}]}}